{"id":19,"date":"2017-10-20T11:09:55","date_gmt":"2017-10-20T09:09:55","guid":{"rendered":"http:\/\/diwan-plougastell.bzh\/?page_id=19"},"modified":"2021-03-22T16:15:24","modified_gmt":"2021-03-22T15:15:24","slug":"degemer","status":"publish","type":"page","link":"https:\/\/diwan-plougastell.bzh\/index.php\/degemer\/","title":{"rendered":"Degemer mad \/ Bienvenue"},"content":{"rendered":"<p>L&rsquo;\u00e9cole Diwan Plougastell est compos\u00e9e de deux classes et deux enseignantes. Les enfant sont accueillis d\u00e8s la petite section et jusqu&rsquo;au CE2.<\/p>\n<p>https:\/\/www.facebook.com\/DiwanPlougastel\/videos\/123801196311180<\/p>\n<h2>Historique :<\/h2>\n<p>En mars 2016, plusieurs parents et sympathisants ont d\u00e9cid\u00e9 de se r\u00e9unir pour cr\u00e9er ensemble le Comit\u00e9 de soutien Diwan Plougastell dans le but d\u2019ouvrir une \u00e9cole pratiquant la p\u00e9dagogie par immersion conduisant l\u2019enfant \u00e0 un bilinguisme breton\/fran\u00e7ais \u00e9quilibr\u00e9. Ce projet s&rsquo;est concr\u00e9tis\u00e9 puisque l\u2019\u00c9cole Diwan Plougastell a fait sa premi\u00e8re rentr\u00e9e en septembre 2017.<\/p>\n<p>Cette \u00e9cole <strong>associative, gratuite pour les familles, la\u00efque et ouverte \u00e0 tous<\/strong>, a accueillit pour sa premi\u00e8re rentr\u00e9e 2017, une quinzaine d&rsquo;enfants \u00e2g\u00e9s de 2 \u00e0 7 ans. Elle pose son cartable dans la zone de Ty ar Menez \u00e0 Plougastel dans le local Bagadans.<br \/>\n<span style=\"font-size: inherit;\">En 2018-19, une deuxi\u00e8me classe a ouvert et les effectifs ont doubl\u00e9 avec 28 enfants.<br \/>\n<\/span><span style=\"font-size: inherit;\">En 2020-21, une troisi\u00e8me classe a ouvert avec 2 classes de maternelle et une de primaire \u00e0 plusieurs niveaux.<br \/>\n<\/span><span style=\"font-size: inherit;\">En 2021-22, l&rsquo;\u00e9cole d\u00e9m\u00e9nagera \u00e0 St Adrien (pointe de l&rsquo;Armorique \u00e0 Plougastel). Des transports collectifs au d\u00e9part du bourg sont pr\u00e9vus pour faciliter l&rsquo;acc\u00e8s \u00e0 tous.<\/span><\/p>\n<p><img loading=\"lazy\" decoding=\"async\" class=\"alignnone size-large wp-image-385\" src=\"http:\/\/diwan-plougastell.bzh\/wp-content\/uploads\/2017\/10\/22813042_10156153264026062_1147226799_o-e1509536703224-1024x499.jpg\" alt=\"\" width=\"640\" height=\"312\" srcset=\"https:\/\/diwan-plougastell.bzh\/wp-content\/uploads\/2017\/10\/22813042_10156153264026062_1147226799_o-e1509536703224-1024x499.jpg 1024w, https:\/\/diwan-plougastell.bzh\/wp-content\/uploads\/2017\/10\/22813042_10156153264026062_1147226799_o-e1509536703224-300x146.jpg 300w, https:\/\/diwan-plougastell.bzh\/wp-content\/uploads\/2017\/10\/22813042_10156153264026062_1147226799_o-e1509536703224-768x374.jpg 768w, https:\/\/diwan-plougastell.bzh\/wp-content\/uploads\/2017\/10\/22813042_10156153264026062_1147226799_o-e1509536703224.jpg 2037w\" sizes=\"(max-width: 640px) 100vw, 640px\" \/><\/p>\n<h2>Le r\u00e9seau Diwan:<\/h2>\n<p>Une \u00e9cole Diwan fait partie d&rsquo;un r\u00e9seau fran\u00e7ais d&rsquo;\u00e9coles associatives, gratuites et la\u00efques o\u00f9 l&rsquo;enseignement est dispens\u00e9 en langue bretonne. Diwan est un mot breton signifiant \u00ab germer, sortir de terre \u00bb. La premi\u00e8re \u00e9cole a \u00e9t\u00e9 cr\u00e9\u00e9e en 1977 \u00e0 Ploudalm\u00e9zeau (29). En 2016, les \u00e9coles Diwan scolarisent 4 242 \u00e9l\u00e8ves de la maternelle jusqu&rsquo;au baccalaur\u00e9at.<\/p>\n<h2>Ses objectifs:<\/h2>\n<ul>\n<li>Offrir une scolarit\u00e9 compl\u00e8te en breton : de la maternelle au baccalaur\u00e9at<\/li>\n<li>S&rsquo;appuyer sur une culture enracin\u00e9e dans un environnement vivant<\/li>\n<li>Permettre \u00e0 des enfants d&rsquo;apprendre leur histoire, \u00ab\u00a0\u00e0 la source\u00a0\u00bb dans la langue commune \u00e0 leurs anc\u00eatres<\/li>\n<li>Par le bilinguisme pr\u00e9coce, favoriser un d\u00e9veloppement psychologique, intellectuel et social riche, et pr\u00e9parer efficacement \u00e0 la ma\u00eetrise de plusieurs langues, n\u00e9cessit\u00e9 pour les Europ\u00e9ens de demain.<\/li>\n<li>Le r\u00f4le de l&rsquo;\u00e9cole n&rsquo;est pas uniquement de transmettre un savoir mais aussi de permettre \u00e0 chaque enfant de construire sa propre personnalit\u00e9. Une identit\u00e9 culturelle forte donne des rep\u00e8res souvent absents pour nombre de jeunes aujourd&rsquo;hui. En cela c&rsquo;est un facteur de socialisation, bas\u00e9 sur la tol\u00e9rance et le go\u00fbt de l&rsquo;\u00e9change.<\/li>\n<\/ul>\n<p><img loading=\"lazy\" decoding=\"async\" class=\"alignnone size-medium wp-image-28 aligncenter\" src=\"http:\/\/diwan-plougastell.bzh\/wp-content\/uploads\/2017\/10\/diwan-plougastell-3171fdc3ff3d465e923dd20190945fbe-300x235.jpg\" alt=\"\" width=\"300\" height=\"235\" srcset=\"https:\/\/diwan-plougastell.bzh\/wp-content\/uploads\/2017\/10\/diwan-plougastell-3171fdc3ff3d465e923dd20190945fbe-300x235.jpg 300w, https:\/\/diwan-plougastell.bzh\/wp-content\/uploads\/2017\/10\/diwan-plougastell-3171fdc3ff3d465e923dd20190945fbe.jpg 679w\" sizes=\"(max-width: 300px) 100vw, 300px\" \/><\/p>\n","protected":false},"excerpt":{"rendered":"<p>L&rsquo;\u00e9cole Diwan Plougastell est compos\u00e9e de deux classes et deux enseignantes. Les enfant sont accueillis d\u00e8s la petite section et jusqu&rsquo;au CE2. https:\/\/www.facebook.com\/DiwanPlougastel\/videos\/123801196311180 Historique : En mars 2016, plusieurs parents et sympathisants ont d\u00e9cid\u00e9 de se r\u00e9unir pour cr\u00e9er ensemble le Comit\u00e9 de soutien Diwan Plougastell dans le but d\u2019ouvrir une \u00e9cole pratiquant la p\u00e9dagogie <a href=\"https:\/\/diwan-plougastell.bzh\/index.php\/degemer\/\" rel=\"nofollow\"><span class=\"sr-only\">En savoir plus surDegemer mad \/ Bienvenue<\/span>[&hellip;]<\/a><\/p>\n","protected":false},"author":1,"featured_media":0,"parent":0,"menu_order":0,"comment_status":"closed","ping_status":"closed","template":"","meta":{"footnotes":""},"_links":{"self":[{"href":"https:\/\/diwan-plougastell.bzh\/index.php\/wp-json\/wp\/v2\/pages\/19"}],"collection":[{"href":"https:\/\/diwan-plougastell.bzh\/index.php\/wp-json\/wp\/v2\/pages"}],"about":[{"href":"https:\/\/diwan-plougastell.bzh\/index.php\/wp-json\/wp\/v2\/types\/page"}],"author":[{"embeddable":true,"href":"https:\/\/diwan-plougastell.bzh\/index.php\/wp-json\/wp\/v2\/users\/1"}],"replies":[{"embeddable":true,"href":"https:\/\/diwan-plougastell.bzh\/index.php\/wp-json\/wp\/v2\/comments?post=19"}],"version-history":[{"count":11,"href":"https:\/\/diwan-plougastell.bzh\/index.php\/wp-json\/wp\/v2\/pages\/19\/revisions"}],"predecessor-version":[{"id":520,"href":"https:\/\/diwan-plougastell.bzh\/index.php\/wp-json\/wp\/v2\/pages\/19\/revisions\/520"}],"wp:attachment":[{"href":"https:\/\/diwan-plougastell.bzh\/index.php\/wp-json\/wp\/v2\/media?parent=19"}],"curies":[{"name":"wp","href":"https:\/\/api.w.org\/{rel}","templated":true}]}}